{"id":8212,"date":"2023-05-04T10:41:56","date_gmt":"2023-05-04T02:41:56","guid":{"rendered":"https:\/\/230411wadmp3.adwebcloud.com\/%products_cat%\/black-polished-river-pebbles\/"},"modified":"2023-07-09T15:52:48","modified_gmt":"2023-07-09T07:52:48","slug":"black-polished-river-pebbles","status":"publish","type":"products","link":"https:\/\/whitemarblegranite.com\/hu\/product\/black-polished-river-pebbles\/","title":{"rendered":"Fekete pol\u00edrozott folyami kavics"},"content":{"rendered":"<h1><span style=\"font-size: 18px\"><strong>Pol\u00edrozott fekete folyami kavics, egy darab h\u00e1l\u00f3 a k\u00fclt\u00e9ri t\u00e1jdekor\u00e1ci\u00f3s projektekhez<\/strong><\/span><\/h1>\n<p>Esta Stone k\u0151kert\u00e9p\u00edt\u00e9si sorozata fekete, pol\u00edrozott folyami kavicsokkal a vil\u00e1g minden t\u00e1j\u00e1r\u00f3l sz\u00e1rmaz\u00f3, term\u00e9szetesen k\u00e9zzel v\u00e1logatott k\u00f6vekb\u0151l \u00e1ll. A pol\u00edroz\u00e1s finom, lekerek\u00edtett form\u00e1t eredm\u00e9nyez, ami kiv\u00e1l\u00f3an alkalmas a k\u00f6rnyezetrendez\u00e9shez. A fekete, pol\u00edrozott folyami kavicsok seg\u00edts\u00e9g\u00e9vel kiemelhet\u0151k a term\u00e9szetes sz\u00ednek \u00e9s mint\u00e1k. Ezek a pol\u00edrozott fekete folyami kavicsok egy egyszer\u0171 kezel\u00e9st \u00e9s alkalmaz\u00e1st, valamint minim\u00e1lis karbantart\u00e1ssal t\u00f6rt\u00e9n\u0151 t\u00e1rol\u00e1st biztos\u00edt\u00f3 tasakkal vannak kieg\u00e9sz\u00edtve. Lakoss\u00e1gi vagy kereskedelmi k\u00f6rnyezetben haszn\u00e1lja az A min\u0151s\u00e9g\u0171, pol\u00edrozott fekete strandkavicsokat, hogy pomp\u00e1s k\u0151kerttervez\u00e9st hozzon l\u00e9tre vir\u00e1gosl\u00e1d\u00e1kban, s\u00e9t\u00e1nyok ment\u00e9n, d\u00edsz\u00edt\u0151 akcentusk\u00e9nt \u00e9s kreat\u00edv k\u00f6rnyezetrendez\u00e9s sor\u00e1n.&nbsp;<\/p>\n<p><img loading=\"lazy\" decoding=\"async\" src=\"http:\/\/whitemarblegranite.com\/wp-content\/uploads\/2023\/product\/06\/202208251604382794d9f8f5bf4fa89728c4d97e60acf8.jpg\" title=\"csiszolt fekete folyami kavicsok\" width=\"800\" height=\"800\" \/><\/p>\n<p>A pol\u00edroz\u00e1s k\u00fcls\u0151 k\u00f6r\u00fclm\u00e9nyek k\u00f6z\u00f6tti kitetts\u00e9g miatt kopik, ez\u00e9rt a fekete, pol\u00edrozott strandkavicsokat legink\u00e1bb belt\u00e9ri helyeken vagy fedett teraszon \u00e9rdemes haszn\u00e1lni.<\/p>\n<p><\/p>\n<h2><span style=\"font-size: 18px\">1: A kavicsk\u0151 alapvet\u0151 inform\u00e1ci\u00f3i<\/span><\/h2>\n<p>Elk\u00e9sz\u00edt\u00e9s: Pol\u00edrozott \u00e9s mosott,&nbsp;<br \/>1. Sz\u00e1rmaz\u00e1si hely: K\u00edna&nbsp;<br \/>2. \u00c1rk\u00e9pz\u00e9si felt\u00e9tel: FOB\/CFR\/CIF (USD VAGY EUR)&nbsp;<br \/>3. Sz\u00e1ll\u00edt\u00e1si felt\u00e9tel: 15\u201330 nap a megrendel\u00e9s meger\u0151s\u00edt\u00e9se ut\u00e1n.&nbsp;<br \/>4. Fizet\u00e9si m\u00f3d: TT vagy L\/C l\u00e1t\u00e1sra&nbsp;<br \/>5. Sz\u00e1ll\u00edt\u00e1s: Tengeri \u00faton&nbsp;<br \/>6. Rakod\u00e1si kik\u00f6t\u0151: K\u00ednai kik\u00f6t\u0151&nbsp;<br \/>7. Minim\u00e1lis rendel\u00e9s: 1*20' FCL, vegyes sz\u00edn\u0171 rendel\u00e9s is elfogadhat\u00f3<\/p>\n<table width=\"100%\" border=\"0\" cellspacing=\"0\" cellpadding=\"0\" class=\"table\">\n<tbody>\n<tr class=\"firstRow\">\n<td>El\u0151ny<\/td>\n<td>Professzion\u00e1lis gy\u00e1r + \u00c9sszer\u0171 \u00e1r + Ingyenes minta + Hat\u00e9kony sz\u00e1ll\u00edt\u00e1s + Min\u0151s\u00e9gbiztos\u00edt\u00e1s + Gyors reag\u00e1l\u00e1s<\/td>\n<\/tr>\n<tr>\n<td>Sz\u00ednes<\/td>\n<td>Fekete, feh\u00e9r, piros, r\u00f3zsasz\u00edn, s\u00e1rga, sz\u00ednes, cs\u00edkos stb.<\/td>\n<\/tr>\n<tr>\n<td rowspan=\"3\" colspan=\"1\">M\u00e9ret<\/td>\n<td>Kavics \u00e1tm\u00e9r\u0151je: 1\u20138 mm, 1\u20133 cm, 3\u20135 cm, 5\u20138 cm<\/td>\n<\/tr>\n<tr>\n<td>Mozaik teljes m\u00e9rete: 305\u00d7305 mm a k\u00e9r\u00e9s szerint<\/td>\n<\/tr>\n<tr>\n<td>B\u00e1rmilyen egyedi tervez\u00e9s is elfogadhat\u00f3.<\/td>\n<\/tr>\n<tr>\n<td>Befejez\u00e9s<\/td>\n<td>Pol\u00edrozott, v\u00edzzel mosott, term\u00e9szetes, g\u00f6rd\u00edtett, g\u00e9ppel v\u00e1gott stb.<\/td>\n<\/tr>\n<tr>\n<td>Csomagol\u00e1s<\/td>\n<td>10, 15, 18, 20 kg\/zacsk\u00f3, majd tonn\u00e1s zs\u00e1kba vagy raklapra rakjuk, vagy k\u00f6zvetlen\u00fcl tonn\u00e1s zs\u00e1kban haszn\u00e1ljuk.<\/td>\n<\/tr>\n<tr>\n<td>Haszn\u00e1lat<\/td>\n<td>Kert, j\u00e1rd\u00e1k, otthon, hotel dekor\u00e1ci\u00f3ja<\/p>\n<\/td>\n<\/tr>\n<\/tbody>\n<\/table>\n<p><\/p>\n<h3>2. Folyami kavicsk\u0151 k\u00e9pek<\/h3>\n<p><img loading=\"lazy\" decoding=\"async\" src=\"http:\/\/whitemarblegranite.com\/wp-content\/uploads\/2023\/product\/03\/20220825160437a598872f4cfb4c508c106307412633c8.jpg\" title=\"Fekete pol\u00edrozott folyami kavics\" width=\"800\" height=\"800\" \/><\/p>\n<p><img loading=\"lazy\" decoding=\"async\" src=\"http:\/\/whitemarblegranite.com\/wp-content\/uploads\/2023\/product\/04\/202208251604386a4a07c1f04f4d8dae9c5dbbf1bf0c40.jpg\" title=\"csiszolt fekete tengerparti kavicsok\" width=\"800\" height=\"800\" \/><\/p>\n<h4><span style=\"font-size: 18px\">3. A fekete kavicsk\u0151 csomagol\u00e1sai<\/span><\/h4>\n<p><\/p>\n<p><\/p>\n<p><\/p>\n<p><\/p>\n<p><img fetchpriority=\"high\" decoding=\"async\" src=\"http:\/\/whitemarblegranite.com\/wp-content\/uploads\/2023\/product\/04\/2021032615255536b5b8987f72480fbe73f9566c800e31.jpg\" alt=\"Fekete kavicsk\u0151gy\u00e1r\" width=\"800\" height=\"1198\" border=\"0\" vspace=\"0\" title=\"Fekete kavicsk\u0151gy\u00e1r\" style=\"width: 800px;height: 1198px\" \/><\/p>\n<p><img decoding=\"async\" src=\"http:\/\/whitemarblegranite.com\/wp-content\/uploads\/2023\/product\/06\/202103171731465343e39244aa44028ba655a5ce5ecf8c.jpg\" \/><\/p>\n<h5><span style=\"font-size: 18px\">4. Gyakran ism\u00e9telt k\u00e9rd\u00e9s \u2013 Kavicsk\u0151gy\u00e1r&nbsp;<\/span><\/h5>\n<p>1. k\u00e9rd\u00e9s: Milyen t\u00edpus\u00fa fel\u00fcletekre telep\u00edthet\u0151 a Pebblestone?<\/p>\n<p>V: A kavicsk\u0151 b\u00e1rmilyen betonfel\u00fcletre telep\u00edthet\u0151 - k\u00fcl- \u00e9s belt\u00e9ren egyar\u00e1nt.<\/p>\n<p>2. k\u00e9rd\u00e9s: Milyen vastag a Pebblestone telep\u00edt\u00e9skor?<\/p>\n<p>V: A kavicsk\u0151 3\/8\" \u00e9s 3\/4\" k\u00f6z\u00f6tti vastags\u00e1g\u00fa. Az alacsonyan fekv\u0151 ter\u00fcleteken tov\u00e1bbi anyagot lehet hozz\u00e1adni.<\/p>\n<p>3. k\u00e9rd\u00e9s: Mennyi ideig tart a Pebblestone telep\u00edt\u00e9se?<\/p>\n<p>V: A legt\u00f6bb projekt mind\u00f6ssze 1 nap alatt telep\u00edthet\u0151! T\u00f6bbf\u00e1zis\u00fa munk\u00e1k is rendelkez\u00e9sre \u00e1llnak, hogy b\u00e1rmilyen ig\u00e9nyt kiel\u00e9g\u00edtsenek, \u00e9s nagyobb n\u00e9gyzetm\u00e9teres projektek eset\u00e9n.<\/p>\n<p><\/p>\n<p><\/p>\n<p><img decoding=\"async\" src=\"http:\/\/whitemarblegranite.com\/wp-content\/uploads\/2023\/product\/03\/202103181731111d1d27d0f23c4107b8fee19af264b0b4.jpg\" width=\"800\" height=\"330\" border=\"0\" vspace=\"0\" title=\"Folyami kavicsk\u0151 gy\u00e1r \u2013 Esta Stone\" alt=\"Folyami kavicsk\u0151 gy\u00e1r \u2013 Esta Stone\" style=\"width: 800px;height: 330px\" \/><\/p>","protected":false},"excerpt":{"rendered":"<p>Anyag: Tiszta fekete folyami kavics k\u0151 a kert\u00e9p\u00edt\u00e9si projektekhez<br \/>\nCsempe m\u00e9rete: 10-30mm 30-60mm<br \/>\nHaszn\u00e1lat: T\u00e9r, t\u00e9r, kert, park<br \/>\nMOQ: 10 tonna<br \/>\nFacotry: Esta Stone<br \/>\nAlkalmaz\u00e1s: Kert, Plaza, Hotel kert\u00e9p\u00edt\u00e9si projektek<\/p>","protected":false},"featured_media":6341,"template":"","adweb_product_categories":[223],"adweb_product_tags":[58,224,226,36,35,225,34,38,179,33,52,76,37],"class_list":["post-8212","products","type-products","status-publish","has-post-thumbnail","hentry","adweb_product_cat-pebble-stone","adweb_product_tag-alaska-white-granite-bathroom-countertop","adweb_product_tag-black-polished-river-pebbles","adweb_product_tag-blue-jean-marble-tile","adweb_product_tag-customized","adweb_product_tag-factory","adweb_product_tag-imperial-wooden-marble-tile","adweb_product_tag-manufacturers","adweb_product_tag-projects","adweb_product_tag-star-galaxy-granite","adweb_product_tag-suppliers","adweb_product_tag-viscon-white-granite","adweb_product_tag-white-clacatta-clara-quartz","adweb_product_tag-wholesale"],"gallery":[6341,6341,6342,6343],"order":null,"acf":[],"_links":{"self":[{"href":"https:\/\/whitemarblegranite.com\/hu\/wp-json\/wp\/v2\/adweb_products\/8212","targetHints":{"allow":["GET"]}}],"collection":[{"href":"https:\/\/whitemarblegranite.com\/hu\/wp-json\/wp\/v2\/adweb_products"}],"about":[{"href":"https:\/\/whitemarblegranite.com\/hu\/wp-json\/wp\/v2\/types\/products"}],"wp:featuredmedia":[{"embeddable":true,"href":"https:\/\/whitemarblegranite.com\/hu\/wp-json\/wp\/v2\/media\/6341"}],"wp:attachment":[{"href":"https:\/\/whitemarblegranite.com\/hu\/wp-json\/wp\/v2\/media?parent=8212"}],"wp:term":[{"taxonomy":"adweb_product_cat","embeddable":true,"href":"https:\/\/whitemarblegranite.com\/hu\/wp-json\/wp\/v2\/adweb_product_categories?post=8212"},{"taxonomy":"adweb_product_tag","embeddable":true,"href":"https:\/\/whitemarblegranite.com\/hu\/wp-json\/wp\/v2\/adweb_product_tags?post=8212"}],"curies":[{"name":"wp","href":"https:\/\/api.w.org\/{rel}","templated":true}]}}

Fekete polírozott folyami kavics

<h1><span style="font-size: 18px"><strong>Polírozott fekete folyami kavics, egy darab háló a kültéri tájdekorációs projektekhez</strong></span></h1>
<p>Esta Stone kőkertépítési sorozata fekete, polírozott folyami kavicsokkal a világ minden tájáról származó, természetesen kézzel válogatott kövekből áll. A polírozás finom, lekerekített formát eredményez, ami kiválóan alkalmas a környezetrendezéshez. A fekete, polírozott folyami kavicsok segítségével kiemelhetők a természetes színek és minták. Ezek a polírozott fekete folyami kavicsok egy egyszerű kezelést és alkalmazást, valamint minimális karbantartással történő tárolást biztosító tasakkal vannak kiegészítve. Lakossági vagy kereskedelmi környezetben használja az A minőségű, polírozott fekete strandkavicsokat, hogy pompás kőkerttervezést hozzon létre virágosládákban, sétányok mentén, díszítő akcentusként és kreatív környezetrendezés során.&nbsp;</p>
<p><img loading="lazy" decoding="async" src="http://whitemarblegranite.com/wp-content/uploads/2023/product/06/202208251604382794d9f8f5bf4fa89728c4d97e60acf8.jpg" title="csiszolt fekete folyami kavicsok" width="800" height="800" /></p>
<p>A polírozás külső körülmények közötti kitettség miatt kopik, ezért a fekete, polírozott strandkavicsokat leginkább beltéri helyeken vagy fedett teraszon érdemes használni.</p>
<p></p>
<h2><span style="font-size: 18px">1: A kavicskő alapvető információi</span></h2>
<p>Elkészítés: Polírozott és mosott,&nbsp;<br />1. Származási hely: Kína&nbsp;<br />2. Árképzési feltétel: FOB/CFR/CIF (USD VAGY EUR)&nbsp;<br />3. Szállítási feltétel: 15–30 nap a megrendelés megerősítése után.&nbsp;<br />4. Fizetési mód: TT vagy L/C látásra&nbsp;<br />5. Szállítás: Tengeri úton&nbsp;<br />6. Rakodási kikötő: Kínai kikötő&nbsp;<br />7. Minimális rendelés: 1*20' FCL, vegyes színű rendelés is elfogadható</p>
<table width="100%" border="0" cellspacing="0" cellpadding="0" class="table">
<tbody>
<tr class="firstRow">
<td>Előny</td>
<td>Professzionális gyár + Ésszerű ár + Ingyenes minta + Hatékony szállítás + Minőségbiztosítás + Gyors reagálás</td>
</tr>
<tr>
<td>Színes</td>
<td>Fekete, fehér, piros, rózsaszín, sárga, színes, csíkos stb.</td>
</tr>
<tr>
<td rowspan="3" colspan="1">Méret</td>
<td>Kavics átmérője: 1–8 mm, 1–3 cm, 3–5 cm, 5–8 cm</td>
</tr>
<tr>
<td>Mozaik teljes mérete: 305×305 mm a kérés szerint</td>
</tr>
<tr>
<td>Bármilyen egyedi tervezés is elfogadható.</td>
</tr>
<tr>
<td>Befejezés</td>
<td>Polírozott, vízzel mosott, természetes, gördített, géppel vágott stb.</td>
</tr>
<tr>
<td>Csomagolás</td>
<td>10, 15, 18, 20 kg/zacskó, majd tonnás zsákba vagy raklapra rakjuk, vagy közvetlenül tonnás zsákban használjuk.</td>
</tr>
<tr>
<td>Használat</td>
<td>Kert, járdák, otthon, hotel dekorációja</p>
</td>
</tr>
</tbody>
</table>
<p></p>
<h3>2. Folyami kavicskő képek</h3>
<p><img loading="lazy" decoding="async" src="http://whitemarblegranite.com/wp-content/uploads/2023/product/03/20220825160437a598872f4cfb4c508c106307412633c8.jpg" title="Fekete polírozott folyami kavics" width="800" height="800" /></p>
<p><img loading="lazy" decoding="async" src="http://whitemarblegranite.com/wp-content/uploads/2023/product/04/202208251604386a4a07c1f04f4d8dae9c5dbbf1bf0c40.jpg" title="csiszolt fekete tengerparti kavicsok" width="800" height="800" /></p>
<h4><span style="font-size: 18px">3. A fekete kavicskő csomagolásai</span></h4>
<p></p>
<p></p>
<p></p>
<p></p>
<p><img fetchpriority="high" decoding="async" src="http://whitemarblegranite.com/wp-content/uploads/2023/product/04/2021032615255536b5b8987f72480fbe73f9566c800e31.jpg" alt="Fekete kavicskőgyár" width="800" height="1198" border="0" vspace="0" title="Fekete kavicskőgyár" style="width: 800px;height: 1198px" /></p>
<p><img decoding="async" src="http://whitemarblegranite.com/wp-content/uploads/2023/product/06/202103171731465343e39244aa44028ba655a5ce5ecf8c.jpg" /></p>
<h5><span style="font-size: 18px">4. Gyakran ismételt kérdés – Kavicskőgyár&nbsp;</span></h5>
<p>1. kérdés: Milyen típusú felületekre telepíthető a Pebblestone?</p>
<p>V: A kavicskő bármilyen betonfelületre telepíthető - kül- és beltéren egyaránt.</p>
<p>2. kérdés: Milyen vastag a Pebblestone telepítéskor?</p>
<p>V: A kavicskő 3/8" és 3/4" közötti vastagságú. Az alacsonyan fekvő területeken további anyagot lehet hozzáadni.</p>
<p>3. kérdés: Mennyi ideig tart a Pebblestone telepítése?</p>
<p>V: A legtöbb projekt mindössze 1 nap alatt telepíthető! Többfázisú munkák is rendelkezésre állnak, hogy bármilyen igényt kielégítsenek, és nagyobb négyzetméteres projektek esetén.</p>
<p></p>
<p></p>
<p><img decoding="async" src="http://whitemarblegranite.com/wp-content/uploads/2023/product/03/202103181731111d1d27d0f23c4107b8fee19af264b0b4.jpg" width="800" height="330" border="0" vspace="0" title="Folyami kavicskő gyár – Esta Stone" alt="Folyami kavicskő gyár – Esta Stone" style="width: 800px;height: 330px" /></p>

<p>Anyag: Tiszta fekete folyami kavics kő a kertépítési projektekhez<br />
Csempe mérete: 10-30mm 30-60mm<br />
Használat: Tér, tér, kert, park<br />
MOQ: 10 tonna<br />
Facotry: Esta Stone<br />
Alkalmazás: Kert, Plaza, Hotel kertépítési projektek</p>
