{"id":9024,"date":"2023-05-04T11:19:09","date_gmt":"2023-05-04T03:19:09","guid":{"rendered":"https:\/\/230411wadmp3.adwebcloud.com\/%products_cat%\/perla-venato-quartzite\/"},"modified":"2023-07-09T15:53:28","modified_gmt":"2023-07-09T07:53:28","slug":"perla-venato-quartzite","status":"publish","type":"products","link":"https:\/\/whitemarblegranite.com\/hu\/product\/perla-venato-quartzite\/","title":{"rendered":"Perla Venato kvarcit"},"content":{"rendered":"<p><strong>Perla Venato feh\u00e9r kvarcit k\u0151lapok a konyhai munkalapokhoz<\/strong><\/p>\n<p>A Perla Venato kvarcit egy brazil kvarcit k\u0151, amely l\u00e1gy elef\u00e1ntcsontfeh\u00e9r sz\u00edn\u0171, nagyon finom homoksz\u00edn\u0171 erezetekkel tark\u00edtott. Term\u00e9szetes erej\u00e9t fokozza ez a munkalap, amely sz\u00ednkontrasztokat ig\u00e9nyel ahhoz, hogy teljes m\u00e9rt\u00e9kben megmutassa sz\u00e9ps\u00e9g\u00e9t: nincs is jobb, mint egy s\u00f6t\u00e9tsz\u00fcrke, petr\u00f3leumk\u00e9k vagy intenz\u00edv csokol\u00e1d\u00e9 sz\u00edn\u0171 padl\u00f3, hogy krist\u00e1lyos sz\u00e9ps\u00e9g\u00e9t csillog\u00e1sra b\u00edrja.<\/p>\n<p>A feh\u00e9r kvarcit egy vonz\u00f3 egzotikus k\u0151, amely vizu\u00e1lisan jav\u00edthatja otthona b\u00e1rmely helyis\u00e9g\u00e9t. A feh\u00e9r kvarcit sz\u00e1mos t\u00edpusa nagyon hasonl\u00edt a feh\u00e9r m\u00e1rv\u00e1ny megjelen\u00e9s\u00e9hez. A k\u00e9t k\u0151 k\u00f6z\u00f6tt azonban hat\u00e1rozott k\u00fcl\u00f6nbs\u00e9gek vannak. A feh\u00e9r kvarcit munkalapok, backsplashek, hi\u00fas\u00e1gi fel\u00fcletek \u00e9s egy\u00e9b fel\u00fcletek egyar\u00e1nt gy\u00f6ny\u00f6r\u0171ek \u00e9s tart\u00f3sak.<\/p>\n<p>Perla Venato kvarcit Ez a szemet gy\u00f6ny\u00f6rk\u00f6dtet\u0151 k\u0151 innovat\u00edv fal- \u00e9s padl\u00f3burkolatk\u00e9nt ker\u00fcl a hazai bels\u0151 \u00e9s k\u00fcls\u0151 terekbe. A Braz\u00edli\u00e1b\u00f3l sz\u00e1rmaz\u00f3, csillog\u00f3 \u00e9s f\u00e9nyl\u0151 kvarcit l\u00e1gy elef\u00e1ntcsont sz\u00edne a visszafogott, m\u0171v\u00e9szetmentes elegancia szinonim\u00e1ja, amely megh\u00f6kkent\u0151en term\u00e9szetes m\u00f3don illeszkedik a mai hazai terekbe.<\/p>\n<p><\/p>\n<table style=\"width:100%\" border=\"0\" cellspacing=\"0\" cellpadding=\"0\" class=\"table\">\n<tbody>\n<tr class=\"firstRow\">\n<td>1<\/td>\n<td>Term\u00e9k<\/td>\n<td rowspan=\"1\" colspan=\"2\">Term\u00e9szetes kvarcit&nbsp;<\/td>\n<\/tr>\n<tr>\n<td rowspan=\"6\" colspan=\"1\">2<\/td>\n<td rowspan=\"6\" colspan=\"1\">El\u0151ny<\/td>\n<td rowspan=\"1\" colspan=\"2\">Nagy kem\u00e9nys\u00e9g<\/td>\n<\/tr>\n<tr>\n<td rowspan=\"1\" colspan=\"2\">Nagyon tart\u00f3s<\/td>\n<\/tr>\n<tr>\n<td rowspan=\"1\" colspan=\"2\">Er\u0151s korr\u00f3zi\u00f3\u00e1ll\u00f3s\u00e1g<\/td>\n<\/tr>\n<tr>\n<td rowspan=\"1\" colspan=\"2\">Magas h\u0151m\u00e9rs\u00e9kleti ellen\u00e1ll\u00e1s<\/td>\n<\/tr>\n<tr>\n<td rowspan=\"1\" colspan=\"2\">Nem m\u00e9rgez\u0151 \u00e9s nem radioakt\u00edv<\/td>\n<\/tr>\n<tr>\n<td rowspan=\"1\" colspan=\"2\">Minden darabnak term\u00e9szetesen egyedi szemcs\u00e9i vannak<\/td>\n<\/tr>\n<tr>\n<td rowspan=\"2\" colspan=\"1\">3<\/td>\n<td>Haszn\u00e1lat<\/td>\n<td rowspan=\"1\" colspan=\"2\">Sz\u00e9les k\u00f6rben haszn\u00e1lj\u00e1k munkalapok, mosd\u00f3k, b\u00e1rpultok, \u00edr\u00f3asztalok \u00e9s<\/td>\n<\/tr>\n<tr>\n<td><\/td>\n<td rowspan=\"1\" colspan=\"2\">alkalmas bels\u0151 falburkolatokhoz, padl\u00f3burkolatokhoz stb. is.<\/td>\n<\/tr>\n<tr>\n<td rowspan=\"7\" colspan=\"1\">4<\/td>\n<td><\/td>\n<td>K\u00f6z\u00f6s m\u00e9retek<\/td>\n<td>Vastags\u00e1g<\/td>\n<\/tr>\n<tr>\n<td>Slab<\/td>\n<td>2200(up)\u00d71200(up)mm<\/td>\n<td>14mm, 16mm, 18mm \u00e9s stb.<\/td>\n<\/tr>\n<tr>\n<td>M\u00e9retre v\u00e1gva<\/td>\n<td>300 x 300mm, 600 x 600mm, 800 x 800mm \u00e9s stb.<\/td>\n<td>14mm, 16mm, 18mm \u00e9s stb.<\/td>\n<\/tr>\n<tr>\n<td>Konyhai munkalap<\/td>\n<td>96\" x 25,5\", 108\" x 26\", 96\" x26\", 108\" x 25\" \u00e9s \u00edgy tov\u00e1bb.<\/td>\n<td rowspan=\"4\" colspan=\"1\">20mm, 30mm,<br \/>20mm+20mm lamin\u00e1lt<\/td>\n<\/tr>\n<tr>\n<td>Szigeti cs\u00facs<\/td>\n<td>96 \"x36\", 108 \"x36\", 96 \"x40\", 72 \"x36\" \u00e9s stb.<\/td>\n<\/tr>\n<tr>\n<td>Hi\u00fas\u00e1gi fels\u0151<\/td>\n<td>31 \"x22\", 37 \"x22\", 49 \"x22\", 61 \"x22\", 73 \"x22\" \u00e9s stb.<\/td>\n<\/tr>\n<tr>\n<td>L\u00e9pcs\u0151fokok \u00e9s l\u00e9pcs\u0151fokok<\/td>\n<td>1000-1300x300x20\/30mm \u00e9s 1000-1300x150x20mm<\/td>\n<\/tr>\n<tr>\n<td>5<\/td>\n<td>Fel\u00fcletkik\u00e9sz\u00edt\u00e9s<\/td>\n<td rowspan=\"1\" colspan=\"2\">Pol\u00edrozott, csiszolt, homokf\u00favott, b\u0151rrel bevont, h\u00fazott vagy m\u00e1s meghat\u00e1rozott fel\u00fcletkezel\u00e9ssel<\/td>\n<\/tr>\n<\/tbody>\n<\/table>\n<p><img decoding=\"async\" src=\"http:\/\/whitemarblegranite.com\/wp-content\/uploads\/2023\/product\/07\/20210731173005864403d92883438b91194e15cb52d6ee.jpg\" title=\"Perla Venato kvarcit k\u0151lapok\" \/><\/p>\n<p><img decoding=\"async\" src=\"http:\/\/whitemarblegranite.com\/wp-content\/uploads\/2023\/product\/04\/202107311730067f83e830f0524e2582078afa82dcbcbd.jpg\" title=\"Perla Venato kvarcit\" \/><\/p>\n<p><img decoding=\"async\" src=\"http:\/\/whitemarblegranite.com\/wp-content\/uploads\/2023\/05\/20210731173006f79a293047fd4549865b3db760af205e.jpg\" title=\"Perla Venato kvarcit k\u0151\" \/><img decoding=\"async\" src=\"http:\/\/whitemarblegranite.com\/wp-content\/uploads\/2023\/product\/07\/2021073117301612321c73f72c4a879085c53f010d5cba.jpg\" alt=\"ESTA m\u00e1rv\u00e1ny csomag \u00e9s feldolgoz\u00e1s\" \/><\/p>\n<p><img decoding=\"async\" src=\"http:\/\/whitemarblegranite.com\/wp-content\/uploads\/2023\/05\/20210731173014aa47f236b28e425fbc87890082761523.jpg\" title=\"1-FAQ\" \/><\/p>\n<p>A feh\u00e9r kvarcitot le kell z\u00e1rni?<\/p>\n<p>A legt\u00f6bb gy\u00e1rt\u00f3 a be\u00e9p\u00edt\u00e9s el\u0151tt t\u00f6m\u00edt\u0151anyagot alkalmaz, \u00e9s elmagyar\u00e1zza, hogy milyen tov\u00e1bbi t\u00f6m\u00edt\u00e9sekre van sz\u00fcks\u00e9g a kvarcit \u00e9lettartama alatt. \u00c1ltal\u00e1ban a t\u00f6m\u00edt\u0151anyagt\u00f3l f\u00fcgg\u0151en a kvarcitot legal\u00e1bb 10 \u00e9vente egyszer kell t\u00f6m\u00edteni. Az \u00e1rulkod\u00f3 jel, hogy itt az ideje a kvarcit munkalap t\u00f6m\u00edt\u00e9s\u00e9nek vagy \u00fajb\u00f3li t\u00f6m\u00edt\u00e9s\u00e9nek, ha a fel\u00fclet s\u00f6t\u00e9tebb\u00e9 v\u00e1lik a nedves ter\u00fcletek, p\u00e9ld\u00e1ul a mosogat\u00f3k k\u00f6rny\u00e9k\u00e9n. Ha bizonytalan, maga is tesztelheti a porozit\u00e1st, ha nagyj\u00e1b\u00f3l 20 percig hagy egy kis forr\u00f3 vizet a fel\u00fcleten, majd let\u00f6rli azt. Ha egy s\u00f6t\u00e9t folt marad, a fel\u00fclet folyad\u00e9kot sz\u00edv fel, \u00e9s val\u00f3sz\u00edn\u0171leg haszn\u00e1t venn\u00e9 egy t\u00f6m\u00edt\u0151anyagnak. A kvarcit fel\u00fclet t\u00f6m\u00edt\u00e9se a k\u00f6nny\u0171 karbantart\u00e1s kulcsa - mindenk\u00e9ppen k\u00f6vesse az adott t\u00f6m\u00edt\u0151anyagra vonatkoz\u00f3 utas\u00edt\u00e1sokat.<\/p>\n<p>A kvarcit k\u0151 foltos?<\/p>\n<p>Mivel a kvarcitok term\u00e9szetes m\u00f3don keletkeznek, egyesek por\u00f3zusabbak, mint m\u00e1sok. A por\u00f3zus k\u0151 hajlamosabb a folyad\u00e9kok felsz\u00edv\u00e1s\u00e1ra \u00e9s a foltok elsz\u00ednez\u0151d\u00e9s\u00e9re. A kvarcit porozit\u00e1sa att\u00f3l f\u00fcgg, hogy a k\u0151 milyen m\u00e9rt\u00e9k\u0171 metamorf\u00f3zison megy kereszt\u00fcl a keletkez\u00e9se sor\u00e1n. Min\u00e9l nagyobb a h\u0151, a nyom\u00e1s \u00e9s a metamorf\u00f3zis szintje a k\u00e9pz\u0151d\u00e9s sor\u00e1n, ann\u00e1l kev\u00e9sb\u00e9 por\u00f3zus lesz a keletkez\u0151 kvarcit. A porozit\u00e1s probl\u00e9m\u00e1j\u00e1nak megold\u00e1sa \u00e9rdek\u00e9ben a term\u00e9szetes k\u0151fel\u00fcleteket lez\u00e1rj\u00e1k, ami megk\u00f6nny\u00edti \u00e9s egyszer\u0171v\u00e9 teszi a tiszt\u00edt\u00e1st.<\/p>\n<p><img decoding=\"async\" src=\"http:\/\/whitemarblegranite.com\/wp-content\/uploads\/2023\/product\/06\/202107311730149888aab350f84f8ca1719fb40116c2ea.jpg\" title=\"2-Kapcsolatfelv\u00e9tel most az Esta Stone-n\u00e1l\" \/><\/p>\n<p><\/p>\n<p><\/p>","protected":false},"excerpt":{"rendered":"<p>Anyag: Perla Venato kvarcit<br \/>\nSize:2800-3100\u00d71700-1950x20mm\/30mm<br \/>\nFel\u00fclet: .<br \/>\nMOQ: 100 SQM<\/p>","protected":false},"featured_media":7462,"template":"","adweb_product_categories":[31],"adweb_product_tags":[305,460,36,35,34,678,38,56,120,101,33,276,37],"class_list":["post-9024","products","type-products","status-publish","has-post-thumbnail","hentry","adweb_product_cat-quartzite-stone","adweb_product_tag-ariston-white-slab","adweb_product_tag-calacatta-sintered-stone-countertops","adweb_product_tag-customized","adweb_product_tag-factory","adweb_product_tag-manufacturers","adweb_product_tag-perla-venato-quartzite","adweb_product_tag-projects","adweb_product_tag-sintered-stone-slabs","adweb_product_tag-sodalite-blue-granite","adweb_product_tag-sodalite-blue-granite-floor-tile","adweb_product_tag-suppliers","adweb_product_tag-veder-bufferfly-granite-tiles","adweb_product_tag-wholesale"],"gallery":[7462,7462,7463,7464],"order":null,"acf":[],"_links":{"self":[{"href":"https:\/\/whitemarblegranite.com\/hu\/wp-json\/wp\/v2\/adweb_products\/9024","targetHints":{"allow":["GET"]}}],"collection":[{"href":"https:\/\/whitemarblegranite.com\/hu\/wp-json\/wp\/v2\/adweb_products"}],"about":[{"href":"https:\/\/whitemarblegranite.com\/hu\/wp-json\/wp\/v2\/types\/products"}],"wp:featuredmedia":[{"embeddable":true,"href":"https:\/\/whitemarblegranite.com\/hu\/wp-json\/wp\/v2\/media\/7462"}],"wp:attachment":[{"href":"https:\/\/whitemarblegranite.com\/hu\/wp-json\/wp\/v2\/media?parent=9024"}],"wp:term":[{"taxonomy":"adweb_product_cat","embeddable":true,"href":"https:\/\/whitemarblegranite.com\/hu\/wp-json\/wp\/v2\/adweb_product_categories?post=9024"},{"taxonomy":"adweb_product_tag","embeddable":true,"href":"https:\/\/whitemarblegranite.com\/hu\/wp-json\/wp\/v2\/adweb_product_tags?post=9024"}],"curies":[{"name":"wp","href":"https:\/\/api.w.org\/{rel}","templated":true}]}}

<p><strong>Perla Venato fehér kvarcit kőlapok a konyhai munkalapokhoz</strong></p>
<p>A Perla Venato kvarcit egy brazil kvarcit kő, amely lágy elefántcsontfehér színű, nagyon finom homokszínű erezetekkel tarkított. Természetes erejét fokozza ez a munkalap, amely színkontrasztokat igényel ahhoz, hogy teljes mértékben megmutassa szépségét: nincs is jobb, mint egy sötétszürke, petróleumkék vagy intenzív csokoládé színű padló, hogy kristályos szépségét csillogásra bírja.</p>
<p>A fehér kvarcit egy vonzó egzotikus kő, amely vizuálisan javíthatja otthona bármely helyiségét. A fehér kvarcit számos típusa nagyon hasonlít a fehér márvány megjelenéséhez. A két kő között azonban határozott különbségek vannak. A fehér kvarcit munkalapok, backsplashek, hiúsági felületek és egyéb felületek egyaránt gyönyörűek és tartósak.</p>
<p>Perla Venato kvarcit Ez a szemet gyönyörködtető kő innovatív fal- és padlóburkolatként kerül a hazai belső és külső terekbe. A Brazíliából származó, csillogó és fénylő kvarcit lágy elefántcsont színe a visszafogott, művészetmentes elegancia szinonimája, amely meghökkentően természetes módon illeszkedik a mai hazai terekbe.</p>
<p></p>
<table style="width:100%" border="0" cellspacing="0" cellpadding="0" class="table">
<tbody>
<tr class="firstRow">
<td>1</td>
<td>Termék</td>
<td rowspan="1" colspan="2">Természetes kvarcit&nbsp;</td>
</tr>
<tr>
<td rowspan="6" colspan="1">2</td>
<td rowspan="6" colspan="1">Előny</td>
<td rowspan="1" colspan="2">Nagy keménység</td>
</tr>
<tr>
<td rowspan="1" colspan="2">Nagyon tartós</td>
</tr>
<tr>
<td rowspan="1" colspan="2">Erős korrózióállóság</td>
</tr>
<tr>
<td rowspan="1" colspan="2">Magas hőmérsékleti ellenállás</td>
</tr>
<tr>
<td rowspan="1" colspan="2">Nem mérgező és nem radioaktív</td>
</tr>
<tr>
<td rowspan="1" colspan="2">Minden darabnak természetesen egyedi szemcséi vannak</td>
</tr>
<tr>
<td rowspan="2" colspan="1">3</td>
<td>Használat</td>
<td rowspan="1" colspan="2">Széles körben használják munkalapok, mosdók, bárpultok, íróasztalok és</td>
</tr>
<tr>
<td></td>
<td rowspan="1" colspan="2">alkalmas belső falburkolatokhoz, padlóburkolatokhoz stb. is.</td>
</tr>
<tr>
<td rowspan="7" colspan="1">4</td>
<td></td>
<td>Közös méretek</td>
<td>Vastagság</td>
</tr>
<tr>
<td>Slab</td>
<td>2200(up)×1200(up)mm</td>
<td>14mm, 16mm, 18mm és stb.</td>
</tr>
<tr>
<td>Méretre vágva</td>
<td>300 x 300mm, 600 x 600mm, 800 x 800mm és stb.</td>
<td>14mm, 16mm, 18mm és stb.</td>
</tr>
<tr>
<td>Konyhai munkalap</td>
<td>96" x 25,5", 108" x 26", 96" x26", 108" x 25" és így tovább.</td>
<td rowspan="4" colspan="1">20mm, 30mm,<br />20mm+20mm laminált</td>
</tr>
<tr>
<td>Szigeti csúcs</td>
<td>96 "x36", 108 "x36", 96 "x40", 72 "x36" és stb.</td>
</tr>
<tr>
<td>Hiúsági felső</td>
<td>31 "x22", 37 "x22", 49 "x22", 61 "x22", 73 "x22" és stb.</td>
</tr>
<tr>
<td>Lépcsőfokok és lépcsőfokok</td>
<td>1000-1300x300x20/30mm és 1000-1300x150x20mm</td>
</tr>
<tr>
<td>5</td>
<td>Felületkikészítés</td>
<td rowspan="1" colspan="2">Polírozott, csiszolt, homokfúvott, bőrrel bevont, húzott vagy más meghatározott felületkezeléssel</td>
</tr>
</tbody>
</table>
<p><img decoding="async" src="http://whitemarblegranite.com/wp-content/uploads/2023/product/07/20210731173005864403d92883438b91194e15cb52d6ee.jpg" title="Perla Venato kvarcit kőlapok" /></p>
<p><img decoding="async" src="http://whitemarblegranite.com/wp-content/uploads/2023/product/04/202107311730067f83e830f0524e2582078afa82dcbcbd.jpg" title="Perla Venato kvarcit" /></p>
<p><img decoding="async" src="http://whitemarblegranite.com/wp-content/uploads/2023/05/20210731173006f79a293047fd4549865b3db760af205e.jpg" title="Perla Venato kvarcit kő" /><img decoding="async" src="http://whitemarblegranite.com/wp-content/uploads/2023/product/07/2021073117301612321c73f72c4a879085c53f010d5cba.jpg" alt="ESTA márvány csomag és feldolgozás" /></p>
<p><img decoding="async" src="http://whitemarblegranite.com/wp-content/uploads/2023/05/20210731173014aa47f236b28e425fbc87890082761523.jpg" title="1-FAQ" /></p>
<p>A fehér kvarcitot le kell zárni?</p>
<p>A legtöbb gyártó a beépítés előtt tömítőanyagot alkalmaz, és elmagyarázza, hogy milyen további tömítésekre van szükség a kvarcit élettartama alatt. Általában a tömítőanyagtól függően a kvarcitot legalább 10 évente egyszer kell tömíteni. Az árulkodó jel, hogy itt az ideje a kvarcit munkalap tömítésének vagy újbóli tömítésének, ha a felület sötétebbé válik a nedves területek, például a mosogatók környékén. Ha bizonytalan, maga is tesztelheti a porozitást, ha nagyjából 20 percig hagy egy kis forró vizet a felületen, majd letörli azt. Ha egy sötét folt marad, a felület folyadékot szív fel, és valószínűleg hasznát venné egy tömítőanyagnak. A kvarcit felület tömítése a könnyű karbantartás kulcsa - mindenképpen kövesse az adott tömítőanyagra vonatkozó utasításokat.</p>
<p>A kvarcit kő foltos?</p>
<p>Mivel a kvarcitok természetes módon keletkeznek, egyesek porózusabbak, mint mások. A porózus kő hajlamosabb a folyadékok felszívására és a foltok elszíneződésére. A kvarcit porozitása attól függ, hogy a kő milyen mértékű metamorfózison megy keresztül a keletkezése során. Minél nagyobb a hő, a nyomás és a metamorfózis szintje a képződés során, annál kevésbé porózus lesz a keletkező kvarcit. A porozitás problémájának megoldása érdekében a természetes kőfelületeket lezárják, ami megkönnyíti és egyszerűvé teszi a tisztítást.</p>
<p><img decoding="async" src="http://whitemarblegranite.com/wp-content/uploads/2023/product/06/202107311730149888aab350f84f8ca1719fb40116c2ea.jpg" title="2-Kapcsolatfelvétel most az Esta Stone-nál" /></p>
<p></p>
<p></p>

<p>Anyag: Perla Venato kvarcit<br />
Size:2800-3100×1700-1950x20mm/30mm<br />
Felület: .<br />
MOQ: 100 SQM</p>
